{"id":11060,"date":"2017-03-31T14:29:52","date_gmt":"2017-03-31T14:29:52","guid":{"rendered":"http:\/\/demo.thinkupthemes.com\/minimal-pro\/?page_id=11060"},"modified":"2021-05-06T17:21:31","modified_gmt":"2021-05-06T17:21:31","slug":"home","status":"publish","type":"page","link":"https:\/\/ltt.hr\/deutsch\/","title":{"rendered":"Home"},"content":{"rendered":"<p><\/p>\n<p><style>#thinkupshortcodesthinkup_builder_buttontheme1 { font-size: 11px; }#thinkupshortcodesthinkup_builder_buttontheme1 { font-weight: 400; }#thinkupshortcodesthinkup_builder_buttontheme1 { color: #ffffff; }#thinkupshortcodesthinkup_builder_buttontheme1:hover { color: #FFFFFF; }#thinkupshortcodesthinkup_builder_buttontheme1 { background: #F33F3F; }#thinkupshortcodesthinkup_builder_buttontheme1:hover { background: #F33F3F; }#thinkupshortcodesthinkup_builder_buttontheme1 { border-color: #ffffff; }#thinkupshortcodesthinkup_builder_buttontheme1:hover { border-color: #ffffff; }#thinkupshortcodesthinkup_builder_buttontheme1 {-webkit-border-radius: 20px;-moz-border-radius: 20px;-ms-border-radius: 20px;-o-border-radius: 20px;border-radius: 20px;}#thinkupshortcodesthinkup_builder_buttontheme1 {width: 100%;max-width: 130px;padding-left: 0;padding-right: 0;-webkit-box-sizing: border-box;-moz-box-sizing: border-box;-ms-box-sizing: border-box;-o-box-sizing: border-box;box-sizing: border-box;}#thinkupshortcodesthinkup_builder_buttontheme1 {height: 40px;line-height: 40px;padding-top: 0;padding-bottom: 0;}<\/style>\n<\/p>\n\n\n<div class=\"wp-block-columns is-layout-flex wp-container-core-columns-is-layout-9d6595d7 wp-block-columns-is-layout-flex\">\n<div class=\"wp-block-column is-layout-flow wp-block-column-is-layout-flow\">\n<h2 class=\"has-text-align-center has-black-color has-text-color wp-block-heading\"><span class=\"has-inline-color has-black-color\"><a href=\"https:\/\/ltt.hr\/deutsch\/cnc-drehen\/\">CNC-Drehen<\/a><\/span><\/h2>\n\n\n\n<p class=\"has-text-align-center has-black-color has-text-color\">Mechanische Metallbearbeitung bis zur Gr\u00f6\u00dfe 150 mm<\/p>\n<\/div>\n\n\n\n<div class=\"wp-block-column is-layout-flow wp-block-column-is-layout-flow\">\n<h2 class=\"has-text-align-center has-black-color has-text-color wp-block-heading\"><span class=\"has-inline-color\"><a href=\"https:\/\/ltt.hr\/deutsch\/cnc-frasen\/\" data-type=\"URL\">CNC-Fr\u00e4sen<\/a><\/span><\/h2>\n\n\n\n<p class=\"has-text-align-center has-black-color has-text-color\">Mechanische Metallbearbeitung bis zur Gr\u00f6\u00dfe 1000x500x300 mm<\/p>\n<\/div>\n<\/div>\n\n\n\n<div class=\"wp-block-columns is-layout-flex wp-container-core-columns-is-layout-9d6595d7 wp-block-columns-is-layout-flex\">\n<div class=\"wp-block-column is-layout-flow wp-block-column-is-layout-flow\">\n<hr class=\"wp-block-separator aligncenter\"\/>\n\n\n\n<h2 class=\"has-text-align-center has-black-color has-text-color wp-block-heading\"><span class=\"has-inline-color\"><a href=\"https:\/\/ltt.hr\/deutsch\/index.php\/cad-cam-programmierung\/\">CAD-CAM Programmierung<\/a><\/span><\/h2>\n\n\n\n<p class=\"has-text-align-center has-black-color has-text-color\">Wir folgen den neuesten CAD CAM-Technologien und Markttrends durch Investitionen in neue Software und Schulungen unserer CAD-CAM-Programmierer. Dies reduziert Produktionszeit und -kosten<\/p>\n<\/div>\n\n\n\n<div class=\"wp-block-column is-layout-flow wp-block-column-is-layout-flow\">\n<hr class=\"wp-block-separator aligncenter\"\/>\n\n\n\n<h2 class=\"has-text-align-center has-black-color has-text-color wp-block-heading\"><span class=\"has-inline-color\"><a href=\"https:\/\/ltt.hr\/deutsch\/index.php\/qualitatskontrolle\/\">Qualit\u00e4tskontrolle<\/a><\/span><\/h2>\n\n\n\n<p class=\"has-text-align-center has-black-color has-text-color\">Kontinuierliche Qualit\u00e4tskontrolle w\u00e4hrend des Produktionsprozesses, Kontrolle des Materialeinsatzes, Teile in der Produktion, Endkontrolle und Dokumentation der Endkontrolle nach Kundenwunsch<\/p>\n<\/div>\n<\/div>\n\n\n\n<div class=\"wp-block-columns is-layout-flex wp-container-core-columns-is-layout-9d6595d7 wp-block-columns-is-layout-flex\">\n<div class=\"wp-block-column is-layout-flow wp-block-column-is-layout-flow\">\n<hr class=\"wp-block-separator aligncenter\"\/>\n\n\n\n<h2 class=\"has-text-align-center has-black-color has-text-color wp-block-heading\"><span class=\"has-inline-color\"><a href=\"https:\/\/ltt.hr\/deutsch\/index.php\/materialbeschaffung\/\">Materialbeschaffung<\/a><\/span><\/h2>\n\n\n\n<p class=\"has-text-align-center has-black-color has-text-color\">Wir bestellen alle Rohstoffe bei gepr\u00fcften Lieferanten. Die Materialien werden mit einem Zertifikat und einem Qualit\u00e4tszertifikat geliefert<\/p>\n<\/div>\n\n\n\n<div class=\"wp-block-column is-layout-flow wp-block-column-is-layout-flow\">\n<hr class=\"wp-block-separator aligncenter\"\/>\n\n\n\n<h2 class=\"has-text-align-center has-black-color has-text-color wp-block-heading\"><a href=\"http:\/\/ltt.hr\/povrsinska-zastita\/\"><span class=\"has-inline-color\">Oberfl\u00e4chenschutz<\/span><\/a><\/h2>\n\n\n\n<p class=\"has-text-align-center has-black-color has-text-color\">Herstellung von Oberfl\u00e4chenschutz mit unseren Subunternehmern zum Eloxieren, Br\u00e4unen, Vernickeln, Nitrieren, Verzinken und anderen nach Bedarf<\/p>\n<\/div>\n<\/div>\n\n\n\n<div class=\"wp-block-columns is-layout-flex wp-container-core-columns-is-layout-9d6595d7 wp-block-columns-is-layout-flex\">\n<div class=\"wp-block-column is-layout-flow wp-block-column-is-layout-flow\">\n<hr class=\"wp-block-separator aligncenter\"\/>\n\n\n\n<h2 class=\"has-text-align-center has-black-color has-text-color wp-block-heading\">Montage, Verpackung und Transport<\/h2>\n\n\n\n<p class=\"has-text-align-center has-black-color has-text-color\">Bei Bedarf bieten wir auch die Montage von gefertigten Teilen in unserem Werk an. Sichere Lieferung ist selbstverst\u00e4ndlich<\/p>\n<\/div>\n\n\n\n<div class=\"wp-block-column is-layout-flow wp-block-column-is-layout-flow\">\n<hr class=\"wp-block-separator aligncenter\"\/>\n\n\n\n<h2 class=\"has-text-align-center has-black-color has-text-color wp-block-heading\">Lagerung<\/h2>\n\n\n\n<p class=\"has-text-align-center has-black-color has-text-color\">F\u00fcr Jahresbestellungen bieten wir kostenlosen Speicherplatz an. Dies verk\u00fcrzt den Preis und die Lieferzeit<\/p>\n<\/div>\n<\/div>\n\n\n\n<hr class=\"wp-block-separator\"\/>\n\n\n\n<div class=\"wp-block-columns is-layout-flex wp-container-core-columns-is-layout-9d6595d7 wp-block-columns-is-layout-flex\">\n<div class=\"wp-block-column is-layout-flow wp-block-column-is-layout-flow\">\n<h3 class=\"has-text-align-center has-black-color has-text-color wp-block-heading\">UNSERE AUFGABE:<\/h3>\n\n\n\n<h4 class=\"has-text-align-center has-black-color has-text-color wp-block-heading\">Die Kunden sind immer zufrieden mit der Qualit\u00e4t, der professionellen Verarbeitung und den p\u00fcnktlichen Lieferungen<\/h4>\n<\/div>\n\n\n\n<div class=\"wp-block-column is-layout-flow wp-block-column-is-layout-flow\">\n<h3 class=\"has-text-align-center has-black-color has-text-color wp-block-heading\">PROFI TIM<\/h3>\n\n\n\n<h4 class=\"has-text-align-center has-black-color has-text-color wp-block-heading\">L-Turning Technology ist stolz auf seine kompetenten Mitarbeiter und bildet immer neue Fachkr\u00e4fte aus<\/h4>\n<\/div>\n\n\n\n<div class=\"wp-block-column is-layout-flow wp-block-column-is-layout-flow\">\n<h3 class=\"has-text-align-center has-black-color has-text-color wp-block-heading\">HABEN SIE FRAGE?<\/h3>\n\n\n\n<h4 class=\"has-text-align-center has-black-color has-text-color wp-block-heading\">Immer die besten L\u00f6sungen aus einer Hand in k\u00fcrzester Zeit!<\/h4>\n<\/div>\n<\/div>\n\n\n\n<hr class=\"wp-block-separator\"\/>\n\n\n\n<hr class=\"wp-block-separator\"\/>\n\n\n\n<p><\/p>\n","protected":false},"excerpt":{"rendered":"<p>CNC-Drehen Mechanische Metallbearbeitung bis zur Gr\u00f6\u00dfe 150 mm CNC-Fr\u00e4sen Mechanische Metallbearbeitung bis zur Gr\u00f6\u00dfe 1000x500x300 mm CAD-CAM Programmierung Wir folgen den neuesten CAD CAM-Technologien und Markttrends durch Investitionen in neue Software und Schulungen unserer CAD-CAM-Programmierer. Dies reduziert Produktionszeit und -kosten Qualit\u00e4tskontrolle Kontinuierliche Qualit\u00e4tskontrolle w\u00e4hrend des Produktionsprozesses, Kontrolle des Materialeinsatzes, Teile in der Produktion, Endkontrolle und [&hellip;]<\/p>\n","protected":false},"author":1,"featured_media":0,"parent":0,"menu_order":0,"comment_status":"closed","ping_status":"closed","template":"","meta":{"footnotes":""},"categories":[],"tags":[],"class_list":["post-11060","page","type-page","status-publish","hentry"],"_links":{"self":[{"href":"https:\/\/ltt.hr\/deutsch\/wp-json\/wp\/v2\/pages\/11060","targetHints":{"allow":["GET"]}}],"collection":[{"href":"https:\/\/ltt.hr\/deutsch\/wp-json\/wp\/v2\/pages"}],"about":[{"href":"https:\/\/ltt.hr\/deutsch\/wp-json\/wp\/v2\/types\/page"}],"author":[{"embeddable":true,"href":"https:\/\/ltt.hr\/deutsch\/wp-json\/wp\/v2\/users\/1"}],"replies":[{"embeddable":true,"href":"https:\/\/ltt.hr\/deutsch\/wp-json\/wp\/v2\/comments?post=11060"}],"version-history":[{"count":20,"href":"https:\/\/ltt.hr\/deutsch\/wp-json\/wp\/v2\/pages\/11060\/revisions"}],"predecessor-version":[{"id":11327,"href":"https:\/\/ltt.hr\/deutsch\/wp-json\/wp\/v2\/pages\/11060\/revisions\/11327"}],"wp:attachment":[{"href":"https:\/\/ltt.hr\/deutsch\/wp-json\/wp\/v2\/media?parent=11060"}],"wp:term":[{"taxonomy":"category","embeddable":true,"href":"https:\/\/ltt.hr\/deutsch\/wp-json\/wp\/v2\/categories?post=11060"},{"taxonomy":"post_tag","embeddable":true,"href":"https:\/\/ltt.hr\/deutsch\/wp-json\/wp\/v2\/tags?post=11060"}],"curies":[{"name":"wp","href":"https:\/\/api.w.org\/{rel}","templated":true}]}}